omposite number?
False
Is 8229001 prime?
False
Is 67712858 composite?
True
Is 917143 a prime number?
False
Is 31350185 a composite number?
True
Is 7437887 composite?
False
Is 1837135 prime?
False
Is 91122595 composite?
True
Is 23272621 a prime number?
True
Is 185195009 a prime number?
True
Is 11721009 composite?
True
Is 64386214 a prime number?
False
Is 45137517 a composite number?
True
Is 847967 a composite number?
False
Is 23732827 composite?
False
Is 4834979 prime?
True
Is 2904989 composite?
False
Is 15033463 a prime number?
False
Is 4725221 prime?
True
Is 81446599 prime?
False
Is 3086159 a composite number?
False
Is 4930869 composite?
True
Is 48713971 a prime number?
True
Is 615007 prime?
False
Is 5219853 prime?
False
Is 20347781 a composite number?
True
Is 1382159 a prime number?
True
Is 2452921 composite?
False
Is 37444859 a prime number?
False
Is 31483163 composite?
False
Is 357113 prime?
False
Is 2549611 composite?
False
Is 1674371 prime?
True
Is 23745989 composite?
False
Is 1044149 a composite number?
False
Is 261294661 a composite number?
True
Is 1169131 a prime number?
True
Is 6512957 prime?
False
Is 1219182593 a composite number?
False
Is 13353719 a prime number?
True
Is 183433223 a composite number?
True
Is 62273 a prime number?
True
Is 15694787 a prime number?
False
Is 4537243 a prime number?
True
Is 1088687 composite?
False
Is 23569187 a prime number?
True
Is 296644889 prime?
False
Is 1253387 prime?
False
Is 340610593 prime?
False
Is 77851 a composite number?
True
Is 3981233 prime?
False
Is 50188163 a composite number?
True
Is 25774849 composite?
True
Is 1737399 a composite number?
True
Is 3014335 a composite number?
True
Is 93157027 a composite number?
False
Is 405736889 a composite number?
True
Is 4327777 prime?
True
Is 1061862311 a prime number?
True
Is 11903933 prime?
True
Is 4075438 a prime number?
False
Is 417219505 prime?
False
Is 6360791 prime?
False
Is 8585491 composite?
True
Is 2921819 composite?
False
Is 566752627 a prime number?
False
Is 15176209 a prime number?
False
Is 12263981 prime?
True
Is 2719238 prime?
False
Is 150638183 a composite number?
True
Is 1912883 a prime number?
False
Is 20620493 a composite number?
False
Is 1561843 composite?
True
Is 4392077 a composite number?
False
Is 24092531 a composite number?
False
Is 171243097 prime?
False
Is 317713361 a composite number?
True
Is 3932549 composite?
True
Is 12590819 a composite number?
False
Is 376373 prime?
True
Is 25874117 composite?
True
Is 3631703 a composite number?
False
Is 26521373 prime?
True
Is 23850271 a prime number?
False
Is 109254179 composite?
True
Is 5802023 a composite number?
False
Is 9921449 a prime number?
True
Is 22075309 a prime number?
False
Is 21707281 a prime number?
True
Is 37221091 a composite number?
False
Is 7564621 a composite number?
True
Is 2449886 composite?
True
Is 54263585 prime?
False
Is 8366885 a prime number?
False
Is 5939429 a composite number?
False
Is 3761839 composite?
True
Is 18035977 a prime number?
True
Is 18587731 prime?
True
Is 29896879 prime?
False
Is 240151 a composite number?
False
Is 1750169 prime?
True
Is 81045121 a composite number?
True
Is 47125817 composite?
False
Is 19015522 composite?
True
Is 8141843 composite?
True
Is 7065233 a prime number?
False
Is 263061869 composite?
True
Is 2229974 a composite number?
True
Is 1216289 composite?
True
Is 70046969 prime?
False
Is 2747281 a composite number?
True
Is 24460879 a prime number?
True
Is 262727029 a prime number?
False
Is 555630613 prime?
True
Is 38854861 a prime number?
True
Is 100268815 a prime number?
False
Is 20253347 prime?
True
Is 1650829 a composite number?
True
Is 22904239 prime?
False
Is 28413107 a prime number?
True
Is 29412487 prime?
False
Is 40087783 a prime number?
True
Is 1381271 a composite number?
False
Is 12331859 prime?
True
Is 2100059 a composite number?
True
Is 17074789 a composite number?
False
Is 60894893 composite?
True
Is 2082961 a prime number?
True
Is 8568743 a composite number?
False
Is 21276011 composite?
True
Is 65565421 composite?
True
Is 56641763 a prime number?
True
Is 5371631 a prime number?
True
Is 87680315 a prime number?
False
Is 511621 prime?
False
Is 39113857 a prime number?
False
Is 1120759721 a prime number?
True
Is 29375779 composite?
True
Is 1704587 a prime number?
True
Is 21989283 prime?
False
Is 33308267 prime?
True
Is 80925107 prime?
True
Is 3958651 a prime number?
False
Is 102328757 a prime number?
True
Is 65047 a prime number?
False
Is 40250195 a composite number?
True
Is 2106361 prime?
True
Is 805335467 composite?
False
Is 4933493 a prime number?
True
Is 3741733 composite?
False
Is 729488257 a prime number?
True
Is 115601663 composite?
False
Is 52941871 prime?
True
Is 2799581 prime?
True
Is 4888671 composite?
True
Is 3889603 a prime number?
False
Is 3876027 a prime number?
False
Is 1383893 prime?
False
Is 28882181 a composite number?
True
Is 45416039 a composite number?
True
Is 1837061 composite?
False
Is 1194363337 a composite number?
True
Is 17838307 a prime number?
True
Is 1258702603 a prime number?
True
Is 10227851 composite?
True
Is 25341917 prime?
False
Is 93606083 prime?
True
Is 105542807 a prime number?
True
Is 1155853 prime?
False
Is 1334167 a composite number?
True
Is 1205943 a composite number?
True
Is 18865846 a prime number?
False
Is 13230733 prime?
False
Is 52823257 prime?
True
Is 73144811 a composite number?
False
Is 494247947 prime?
False
Is 20916845 a prime number?
False
Is 268004971 a composite number?
True
Is 246254519 prime?
False
Is 168833615 prime?
False
Is 30160129 a composite number?
True
Is 170856991 prime?
True
Is 3730247 a composite number?
False
Is 2534491 prime?
True
Is 1131937 a composite number?
False
Is 1096357085 prime?
False
Is 1221799 prime?
False
Is 10714247 composite?
False
Is 54848129 a composite number?
True
Is 48904337 a composite number?
True
Is 9891421 composite?
True
Is 64513327 a prime number?
False
Is 630109 prime?
False
Is 22338031 composite?
True
Is 4681687 a prime number?
False
Is 102206953 a composite number?
False
Is 108577331 a composite number?
False
Is 46555907 prime?
False
Is 446851 a composite number?
True
Is 20965817 a composite number?
False
Is 23765513 a composite number?
False
Is 12275699 a composite number?
True
Is 778812365 prime?
False
Is 3173477 composite?
False
Is 17219233 prime?
False
Is 125860723 prime?
True
Is 3963569 a composite number?
False
Is 22943057 composite?
True
Is 11044727 a prime number?
False
Is 16420727 composite?
True
Is 3560471 a composite number?
False
Is 14481326 prime?
False
Is 37957285 prime?
False
Is 1459207 composite?
False
Is 13990451 a composite number?
False
Is 9262051 prime?
True
Is 70985 a composite number?
True
Is 158943997 prime?
False
Is 983999 a prime number?
False
Is 8509751 composite?
False
Is 1092419 composite?
False
Is 108028553 a composite number?
False
Is 3077251 composite?
False
Is 137258887 a composite number?
True
Is 4539007 a composite number?
True
Is 933626139 composite?
True
Is 863713 a composite number?
True
Is 597847 composite?
True
Is 513467597 composite?
True
Is 22624867 composite?
False
Is 12300949 composite?
False
Is 7700767 a prime number?
False
Is 20337893 composite?
True
Is 537510419 a prime number?
True
Is 74521243 composite?
False
Is 47054173 a composite number?
True
Is 1231937 prime?
False
Is 7741 a prime number?
True
Is 122614781 prime?
False
Is 76215487 a prime number?
False
Is 104528539 a prime number?
False
Is 13962329 a composite number?
True
Is 47424002 a prime number?
False
Is 781881911 prime?
False
Is 43152049 composite?
True
Is 51149 prime?
False
Is 9677161 a composite number?
True
Is 173672237 prime?
True
Is 165890843 a composite number?
True
Is 173062 composite?
True
Is 2492491 composite?
True
Is 1954883 prime?
False
Is 20032373 prime?
True
Is 241011281 a composite number?
True
Is 762959 prime?
True
Is 8167235 composite?
True
Is 215715389 a composite number?
False
Is 468135413 composite?
False
Is 109632981 a prime number?
False
Is 155911009 prime?
True
Is 189161861 a composite number?
True
Is 1930097 a prime number?
False
Is 592446935 prime?
False
Is 77490139 a prime number?
True
Is 108830557 a composite number?
True
Is 18370403 composite?
True
Is 674327 prime?
False
Is 5376292